 base 2.
-10100001110100
15053 (base 6) to base 10
2409
What is 3284 (base 14) in base 15?
28ca
10041 (base 6) to base 12
921
Convert -3a0a (base 11) to base 14.
-1c85
Convert -762 (base 9) to base 3.
-212002
-4321 (base 6) to base 8
-1731
What is -12413 (base 5) in base 3?
-1100102
Convert 26a (base 13) to base 2.
110101010
1020022 (base 3) to base 11
748
Convert -70d (base 16) to base 15.
-805
What is 1121020201 (base 3) in base 11?
21762
Convert 3332 (base 4) to base 13.
167
Convert -1454 (base 10) to base 9.
-1885
Convert -1000111001 (base 2) to base 3.
-210002
What is 4406 (base 7) in base 15?
6ee
Convert 11024 (base 6) to base 11.
116a
Convert -8b (base 16) to base 14.
-9d
-4120002 (base 5) to base 2
-10000010100111101
b3d7 (base 15) to base 13
143b3
What is -71c (base 14) in base 13?
-837
What is -20227 (base 8) in base 12?
-49b3
Convert -299b (base 15) to base 13.
-40a3
What is 1068 (base 13) in base 3?
10010120
What is 42600 (base 8) in base 15?
5412
115 (base 14) to base 7
425
3332 (base 4) to base 13
167
-1778 (base 13) to base 6
-24035
What is -8b7 (base 13) in base 16?
-5de
Convert a838 (base 12) to base 6.
221312
What is -6708 (base 14) in base 4?
-10112310
Convert 71277 (base 8) to base 14.
a9c3
-892c (base 14) to base 3
-1012120212
What is -3425 (base 6) in base 5?
-11214
What is 163 (base 14) in base 10?
283
What is 58cd (base 15) in base 16?
49b4
-3ab (base 16) to base 9
-1253
Convert 14 (base 9) to base 6.
21
What is -1422 (base 5) in base 15?
-10c
Convert 102343 (base 6) to base 14.
307d
33275 (base 9) to base 2
101011001010100
What is 437 (base 11) in base 6?
2232
Convert -77b (base 12) to base 6.
-5035
Convert -18b (base 15) to base 16.
-164
What is -829c (base 14) in base 6?
-252030
Convert 302 (base 4) to base 7.
101
What is 11023122 (base 4) in base 14?
7a30
70d (base 16) to base 8
3415
205713 (base 8) to base 12
3380b
What is -144443 (base 6) in base 2?
-11011010101011
What is -20140 (base 12) in base 11?
-29337
-113121 (base 5) to base 10
-4161
-101110 (base 2) to base 8
-56
Convert -7017 (base 15) to base 6.
-301251
What is -1cd13 (base 14) in base 2?
-10010000010110101
Convert 17501 (base 8) to base 11.
6014
Convert 100100 (base 2) to base 8.
44
-278 (base 9) to base 5
-1413
Convert 202221 (base 3) to base 6.
2341
What is -3130 (base 4) in base 6?
-1004
What is -2110200 (base 3) in base 12?
-1060
Convert 11112022 (base 3) to base 7.
12425
1010111111011 (base 2) to base 6
42015
What is -2231121 (base 5) in base 7?
-223160
4300 (base 7) to base 2
10111101111
What is -241537 (base 8) in base 13?
-2b8ac
What is 121223 (base 5) in base 6?
33043
Convert 15395 (base 10) to base 11.
10626
Convert -1321 (base 15) to base 11.
-3080
-111101101 (base 2) to base 11
-409
What is 25469 (base 13) in base 10?
68870
Convert -1aa3 (base 11) to base 8.
-5136
What is 2122001 (base 3) in base 15?
87d
-122110 (base 3) to base 9
-573
Convert 35524 (base 6) to base 15.
17e4
Convert -443250 (base 6) to base 13.
-13b21
Convert -20605 (base 7) to base 5.
-130401
-2085 (base 11) to base 16
-ac3
What is -e061 (base 16) in base 13?
-201b7
-11030 (base 4) to base 12
-238
Convert 4112 (base 10) to base 13.
1b44
What is 52 (base 13) in base 11?
61
-1022001 (base 3) to base 12
-66a
6036 (base 8) to base 5
44402
-14761 (base 9) to base 13
-479b
Convert -5813 (base 13) to base 14.
-4705
22 (base 12) to base 10
26
What is 12111 (base 5) in base 2?
1110001010
-1a22 (base 13) to base 6
-30043
What is -33057 (base 9) in base 3?
-1010001221
Convert 205c (base 16) to base 13.
3a03
Convert -1e01 (base 16) to base 8.
-17001
What is 19b4 (base 14) in base 9?
6354
What is 100011220 (base 3) in base 7?
25341
Convert -450 (base 8) to base 11.
-24a
What is -595 (base 16) in base 4?
-112111
What is -200022 (base 3) in base 13?
-2c0
Convert -1002202 (base 3) to base 2.
-1100100011
-220222 (base 4) to base 11
-1a56
What is 660 (base 14) in base 13?
75c
Convert -4142 (base 5) to base 13.
-331
-1474 (base 16) to base 14
-1ca0
What is -2112 (base 6) in base 11?
-3a3
100111011000 (base 2) to base 13
11bb
What is -14 (base 9) in base 6?
-21
Convert -351 (base 16) to base 10.
-849
What is 27a (base 12) in base 10?
382
What is -10101100011110 (base 2) in base 8?
-25436
Convert 278 (base 13) to base 2.
110110101
101102 (base 3) to base 8
431
What is 360 (base 14) in base 15?
2ec
What is -66 (base 13) in base 5?
-314
Convert -10000110110010 (base 2) to base 7.
-34102
Convert -76 (base 12) to base 9.
-110
Convert 14100 (base 5) to base 10.
1150
Convert 6223 (base 9) to base 14.
1937
What is -552 (base 10) in base 5?
-4202
What is -4531 (base 10) in base 2?
-1000110110011
Convert 2b4 (base 12) to base 14.
224
What is 555 (base 13) in base 2?
1110010011
What is 2c3 (base 13) in base 6?
2145
What is 10144 (base 5) in base 13?
3cb
What is -a881 (base 14) in base 2?
-111000111000001
392 (base 13) to base 5
10001
Convert -9b (base 12) to base 8.
-167
What is 100002 (base 3) in base 11?
203
What is -195a (base 13) in base 3?
-12012111
107834 (base 9) to base 5
4033311
What is 25d (base 16) in base 13?
377
Convert -19c (base 16) to base 11.
-345
What is -e (base 15) in base 3?
-112
What is -11000 (base 3) in base 14?
-7a
-12257 (base 8) to base 10
-5295
What is -11130 (base 7) in base 11?
-2129
239c (base 16) to base 12
5338
What is 56 (base 10) in base 2?
111000
-30650 (base 7) to base 6
-54512
12237 (base 8) to base 13
2531
-1e58 (base 16) to base 5
-222033
Convert 18177 (base 11) to base 7.
134220
What is -2c4 (base 16) in base 12?
-4b0
a29 (base 15) to base 3
10010210
What is -1020 (base 9) in base 14?
-3b5
-2100 (base 5) to base 13
-182
What is -1b6 (base 12) in base 4?
-10122
-18b92 (base 13) to base 9
-73001
-91 (base 16) to base 6
-401
Convert -16c56 (base 13) to base 5.
-2400332
What is 41411 (base 9) in base 5?
1333212
4acc (base 13) to base 16
2996
What is 46c (base 14) in base 11?
730
What is -a13 (base 14) in base 3?
-2201020
-608 (base 14) to base 9
-1555
What is 43d (base 16) in base 2?
10000111101
34 (base 9) to base 15
21
Convert 3202 (base 6) to base 4.
23102
-1010001110 (base 2) to base 7
-1623
Convert -2142 (base 11) to base 14.
-1061
What is -a24 (base 13) in base 2?
-11010111000
-23616 (base 7) to base 2
-1011111111010
-51c (base 16) to base 3
-1210110
What is -430 (base 10) in base 15?
-1da
-43b (base 16) to base 5
-13313
-11130211 (base 4) to base 3
-1010121021
Convert 271 (base 13) to base 2.
110101110
130200 (base 5) to base 14
1baa
-22216 (base 8) to base 9
-13747
Convert -227 (base 8) to base 4.
-2113
What is 247c (base 16) in base 7?
36142
-1111 (base 2) to base 13
-12
-45103 (base 6) to base 15
-1d03
What is 7731 (base 9) in base 4?
1121002
Convert -253 (base 7) to base 2.
-10001000
Convert -1042 (base 14) to base 8.
-5362
-a912 (base 13) to base 9
-35217
What is 1139 (base 10) in base 15?
50e
What is -81 (base 15) in base 5?
-441
Convert 10110001111 (base 2) to base 3.
1221201
-20b (base 14) to base 11
-337
10110110001000 (base 2) to base 4
2312020
What is -25d0 (base 16) in base 3?
-111021112
Convert -12212 (base 3) to base 9.
-185
Convert 100431 (base 5) to base 11.
2487
Convert -21122 (base 6) to base 15.
-ca8
-10000000011000100 (base 2) to base 12
-32058
Convert 133 (base 7) to base 16.
49
What is 1031 (base 13) in base 7?
6344
-616 (base 8) to base 5
-3043
279 (base 15) to base 5
4224
What is -22404 (base 5) in base 10?
-1604
Convert 15421 (base 8) to base 2.
1101100010001
What is -2050 (base 6) in base 15?
-20c
Convert 37566 (base 10) to base 2.
1001001010111110
-424 (base 5) to base 14
-82
What is -22001 (base 4) in base 2?
-1010000001
97ac (base 13) to base 16
526a
-25011 (base 6) to base 9
-5037
Convert -12444 (base 6) to base 9.
-2541
What is -105067 (base 8) in base 15?
-a73d
-11111010111011 (base 2) to base 13
-7404
Convert -320302 (base 5) to base 16.
-29ce
Convert -5236 (base 13) to base 6.
-124344
Convert -3489 (base 10) to base 3.
-11210020
Convert -26678 (base 11) to base 8.
-112277
What is bc1 (base 15) in base 13?
1294
What is -11011001110110 (base 2) in base 12?
-809a
40 (base 10) to base 16
28
-54a1 (base 16) to base 15
-6645
What is 1473 (base 10) in base 12?
a29
What is -1111133 (base 5) in base 3?
-222210211
Convert -44214 (b